{"id":52760,"date":"2025-10-02T14:27:34","date_gmt":"2025-10-02T14:27:34","guid":{"rendered":"https:\/\/www.outremontenfamille.org\/wp-content\/uploads\/Semaine-Quebecoise-de-Reduction-des-Dechets-2025-2-2.png"},"modified":"2025-10-02T14:28:16","modified_gmt":"2025-10-02T14:28:16","slug":"semaine-quebecoise-de-reduction-des-dechets-2025-2-2-3","status":"inherit","type":"attachment","link":"https:\/\/www.outremontenfamille.org\/en\/semaine-quebecoise-de-reduction-des-dechets-2025-2-2-3\/","title":{"rendered":"Semaine Qu\u00e9b\u00e9coise de R\u00e9duction des D\u00e9chets 2025 (2)"},"author":14,"featured_media":0,"comment_status":"closed","ping_status":"closed","template":"","meta":[],"class_list":["post-52760","attachment","type-attachment","status-inherit","hentry"],"aioseo_notices":[],"description":{"rendered":"<p class=\"attachment\"><a href='https:\/\/www.outremontenfamille.org\/wp-content\/uploads\/Semaine-Quebecoise-de-Reduction-des-Dechets-2025-2-2.png'>Semaine Qu\u00e9b\u00e9coise de R\u00e9duction des D\u00e9chets 2025 (2)<\/a><\/p>\n<p>SQRD Outremont<\/p>\n"},"caption":{"rendered":"<p>Semaine Qu\u00e9b\u00e9coise de R\u00e9duction des D\u00e9chets \u00e0 Outremont<\/p>\n"},"alt_text":"","media_type":"file","mime_type":"text\/xml","media_details":{"filesize":376254,"sizes":{}},"post":null,"source_url":"https:\/\/www.outremontenfamille.org\/wp-content\/uploads\/Semaine-Quebecoise-de-Reduction-des-Dechets-2025-2-2.png","_links":{"self":[{"href":"https:\/\/www.outremontenfamille.org\/en\/wp-json\/wp\/v2\/media\/52760","targetHints":{"allow":["GET"]}}],"collection":[{"href":"https:\/\/www.outremontenfamille.org\/en\/wp-json\/wp\/v2\/media"}],"about":[{"href":"https:\/\/www.outremontenfamille.org\/en\/wp-json\/wp\/v2\/types\/attachment"}],"author":[{"embeddable":true,"href":"https:\/\/www.outremontenfamille.org\/en\/wp-json\/wp\/v2\/users\/14"}],"replies":[{"embeddable":true,"href":"https:\/\/www.outremontenfamille.org\/en\/wp-json\/wp\/v2\/comments?post=52760"}]}}

Semaine Québécoise de Réduction des Déchets 2025 (2)

<p class="attachment"><a href='https://www.outremontenfamille.org/wp-content/uploads/Semaine-Quebecoise-de-Reduction-des-Dechets-2025-2-2.png'>Semaine Québécoise de Réduction des Déchets 2025 (2)</a></p>
<p>SQRD Outremont</p>

<p>Semaine Québécoise de Réduction des Déchets à Outremont</p>
