{"id":52495,"date":"2025-09-02T22:40:14","date_gmt":"2025-09-02T22:40:14","guid":{"rendered":"https:\/\/www.outremontenfamille.org\/wp-content\/uploads\/Causeries-vertes-Event-Facebook-1.png"},"modified":"2025-09-05T14:42:35","modified_gmt":"2025-09-05T14:42:35","slug":"causeries-vertes-event-facebook-1-2","status":"inherit","type":"attachment","link":"https:\/\/www.outremontenfamille.org\/en\/causeries-vertes-event-facebook-1-2\/","title":{"rendered":"Causeries vertes &#8211; Event Facebook (1)"},"author":14,"featured_media":0,"comment_status":"closed","ping_status":"closed","template":"","meta":[],"class_list":["post-52495","attachment","type-attachment","status-inherit","hentry"],"aioseo_notices":[],"description":{"rendered":"<p class=\"attachment\"><a href='https:\/\/www.outremontenfamille.org\/wp-content\/uploads\/Causeries-vertes-Event-Facebook-1.png'><img fetchpriority=\"high\" decoding=\"async\" width=\"300\" height=\"169\" src=\"https:\/\/www.outremontenfamille.org\/wp-content\/uploads\/Causeries-vertes-Event-Facebook-1-300x169.png\" class=\"attachment-medium size-medium\" alt=\"Causeries vertes septembre\" srcset=\"https:\/\/www.outremontenfamille.org\/wp-content\/uploads\/Causeries-vertes-Event-Facebook-1-300x169.png 300w, https:\/\/www.outremontenfamille.org\/wp-content\/uploads\/Causeries-vertes-Event-Facebook-1-1024x576.png 1024w, https:\/\/www.outremontenfamille.org\/wp-content\/uploads\/Causeries-vertes-Event-Facebook-1-768x432.png 768w, https:\/\/www.outremontenfamille.org\/wp-content\/uploads\/Causeries-vertes-Event-Facebook-1.png 1200w\" sizes=\"(max-width: 300px) 100vw, 300px\" \/><\/a><\/p>\n<p>Ateliers, rencontres d\u00e9di\u00e9s aux familles sur la transition \u00e9cologique<\/p>\n"},"caption":{"rendered":"<p>Causeries vertes organis\u00e9es par Outremont en famille<\/p>\n"},"alt_text":"Causeries vertes septembre","media_type":"image","mime_type":"image\/png","media_details":{"width":1200,"height":675,"file":"Causeries-vertes-Event-Facebook-1.png","filesize":139800,"sizes":{"medium":{"file":"Causeries-vertes-Event-Facebook-1-300x169.png","width":300,"height":169,"filesize":25104,"mime_type":"image\/png","source_url":"https:\/\/www.outremontenfamille.org\/wp-content\/uploads\/Causeries-vertes-Event-Facebook-1-300x169.png"},"large":{"file":"Causeries-vertes-Event-Facebook-1-1024x576.png","width":1024,"height":576,"filesize":138462,"mime_type":"image\/png","source_url":"https:\/\/www.outremontenfamille.org\/wp-content\/uploads\/Causeries-vertes-Event-Facebook-1-1024x576.png"},"thumbnail":{"file":"Causeries-vertes-Event-Facebook-1-150x150.png","width":150,"height":150,"filesize":15771,"mime_type":"image\/png","source_url":"https:\/\/www.outremontenfamille.org\/wp-content\/uploads\/Causeries-vertes-Event-Facebook-1-150x150.png"},"medium_large":{"file":"Causeries-vertes-Event-Facebook-1-768x432.png","width":768,"height":432,"filesize":91968,"mime_type":"image\/png","source_url":"https:\/\/www.outremontenfamille.org\/wp-content\/uploads\/Causeries-vertes-Event-Facebook-1-768x432.png"},"full":{"file":"Causeries-vertes-Event-Facebook-1.png","width":1200,"height":675,"mime_type":"image\/png","source_url":"https:\/\/www.outremontenfamille.org\/wp-content\/uploads\/Causeries-vertes-Event-Facebook-1.png"}},"image_meta":{"aperture":"0","credit":"","camera":"","caption":"","created_timestamp":"0","copyright":"","focal_length":"0","iso":"0","shutter_speed":"0","title":"","orientation":"0","keywords":[]}},"post":null,"source_url":"https:\/\/www.outremontenfamille.org\/wp-content\/uploads\/Causeries-vertes-Event-Facebook-1.png","_links":{"self":[{"href":"https:\/\/www.outremontenfamille.org\/en\/wp-json\/wp\/v2\/media\/52495","targetHints":{"allow":["GET"]}}],"collection":[{"href":"https:\/\/www.outremontenfamille.org\/en\/wp-json\/wp\/v2\/media"}],"about":[{"href":"https:\/\/www.outremontenfamille.org\/en\/wp-json\/wp\/v2\/types\/attachment"}],"author":[{"embeddable":true,"href":"https:\/\/www.outremontenfamille.org\/en\/wp-json\/wp\/v2\/users\/14"}],"replies":[{"embeddable":true,"href":"https:\/\/www.outremontenfamille.org\/en\/wp-json\/wp\/v2\/comments?post=52495"}]}}

<p class="attachment"><a href='https://www.outremontenfamille.org/wp-content/uploads/Causeries-vertes-Event-Facebook-1.png'><img fetchpriority="high" decoding="async" width="300" height="169" src="https://www.outremontenfamille.org/wp-content/uploads/Causeries-vertes-Event-Facebook-1-300x169.png" class="attachment-medium size-medium" alt="Causeries vertes septembre" srcset="https://www.outremontenfamille.org/wp-content/uploads/Causeries-vertes-Event-Facebook-1-300x169.png 300w, https://www.outremontenfamille.org/wp-content/uploads/Causeries-vertes-Event-Facebook-1-1024x576.png 1024w, https://www.outremontenfamille.org/wp-content/uploads/Causeries-vertes-Event-Facebook-1-768x432.png 768w, https://www.outremontenfamille.org/wp-content/uploads/Causeries-vertes-Event-Facebook-1.png 1200w" sizes="(max-width: 300px) 100vw, 300px" /></a></p>
<p>Ateliers, rencontres dédiés aux familles sur la transition écologique</p>

<p>Causeries vertes organisées par Outremont en famille</p>
